{"id":4943,"date":"2022-06-08T17:04:47","date_gmt":"2022-06-08T15:04:47","guid":{"rendered":"https:\/\/mjvv.org\/?page_id=4943"},"modified":"2022-06-29T12:16:40","modified_gmt":"2022-06-29T10:16:40","slug":"jesus-victima","status":"publish","type":"page","link":"https:\/\/mjvv.org\/de\/jesus-victima\/","title":{"rendered":"Jesus-Victima"},"content":{"rendered":"<p><span style=\"color: #000000;\"><span style=\"font-family: Cambria, serif;\"><span style=\"font-size: medium;\"><span lang=\"de-DE\"><i>&#8220;Wer nicht sein Kreuz tr\u00e4gt und mir nachfolgt, kann nicht mein J\u00fcnger sein&#8221;<\/i><\/span><\/span><\/span><\/span><span style=\"color: #000000;\"><span style=\"font-family: Cambria, serif;\"><span style=\"font-size: medium;\"><span lang=\"de-DE\"> (Lk. 14,27).<\/span><\/span><\/span><\/span><\/p>\n<p><span style=\"color: #000000;\"><span style=\"font-family: Cambria, serif;\"><span style=\"font-size: medium;\"><span lang=\"de-DE\">Jesus, das Opfer, lebte und starb, um uns zu retten. Er wurde gehorsam bis zum Tod und zum Tod am Kreuz, um uns von der Sklaverei der S\u00fcnde zu befreien. Das Kreuz wurde so zum Symbol des christlichen Erl\u00f6sungsgeheimnisses, denn unser Erl\u00f6ser entschied sich aus freien St\u00fccken f\u00fcr den Tod am Kreuz. Auf diese Weise ist das Kreuz ein wesentlicher Bestandteil des Lebens eines jeden Christen. Wenn wir Nachfolger Christi sind, m\u00fcssen wir auch bereit sein, <\/span><\/span><\/span><\/span><span style=\"color: #000000;\"><span style=\"font-family: Cambria, serif;\"><span style=\"font-size: medium;\"><span lang=\"de-DE\"><i>&#8220;t\u00e4glich das Kreuz zu tragen&#8221;<\/i><\/span><\/span><\/span><\/span><span style=\"color: #000000;\"><span style=\"font-family: Cambria, serif;\"><span style=\"font-size: medium;\"><span lang=\"de-DE\"> (vgl. Lk. 9,23). Aber dieses Kreuz ist f\u00fcr jeden von uns ma\u00dfgeschneidert, denn <\/span><\/span><\/span><\/span><span style=\"color: #000000;\"><span style=\"font-family: Cambria, serif;\"><span style=\"font-size: medium;\"><span lang=\"de-DE\"><i>&#8220;Gott pr\u00fcft niemanden \u00fcber seine Kr\u00e4fte hinaus&#8221;<\/i><\/span><\/span><\/span><\/span><span style=\"color: #000000;\"><span style=\"font-family: Cambria, serif;\"><span style=\"font-size: medium;\"><span lang=\"de-DE\"> (1. Kor. 10,13). <\/span><\/span><\/span><\/span><\/p>\n<p><span style=\"color: #000000;\"><span style=\"font-family: Cambria, serif;\"><span style=\"font-size: medium;\"><span lang=\"de-DE\">&#8220;Der wahre Christ ist ein anderer Christus. Er kann und muss sagen<\/span><\/span><\/span><\/span><span style=\"color: #000000;\"><span style=\"font-family: Cambria, serif;\"><span style=\"font-size: medium;\"><span lang=\"de-DE\"><i>: &#8220;Ich lebe, doch nicht ich, sondern Christus lebt in mir&#8221;<\/i><\/span><\/span><\/span><\/span><span style=\"color: #000000;\"><span style=\"font-family: Cambria, serif;\"><span style=\"font-size: medium;\"><span lang=\"de-DE\"> (Gal. 2,20). Sein Denken ist das Denken Christi, bestimmt durch die Lehre des h\u00f6chsten und g\u00f6ttlichen K\u00f6nigs; sein Reden und Tun ist das Reden und Tun Christi, inspiriert durch den Geist Christi. Der wahre Christ wirkt in allen Dingen nach dem Sinn Christi und kraft des Lebens Christi, jenes g\u00f6ttlichen Lebens, das er als <\/span><\/span><\/span><\/span><span style=\"color: #000000;\"><span style=\"font-family: Cambria, serif;\"><span style=\"font-size: medium;\"><span lang=\"de-DE\"><i>heiligende Gnade<\/i><\/span><\/span><\/span><\/span><span style=\"color: #000000;\"><span style=\"font-family: Cambria, serif;\"><span style=\"font-size: medium;\"><span lang=\"de-DE\"> in seiner Seele tr\u00e4gt&#8221;.<\/span><\/span><\/span><\/span><\/p>\n<p><span style=\"color: #000000;\"><span style=\"font-family: Cambria, serif;\"><span style=\"font-size: medium;\"><span lang=\"de-DE\">Leben wir nicht als <\/span><\/span><\/span><\/span><span style=\"color: #000000;\"><span style=\"font-family: Cambria, serif;\"><span style=\"font-size: medium;\"><span lang=\"de-DE\"><i>&#8220;Feinde des Kreuzes Christi&#8221;<\/i><\/span><\/span><\/span><\/span><span style=\"color: #000000;\"><span style=\"font-family: Cambria, serif;\"><span style=\"font-size: medium;\"><span lang=\"de-DE\"> (Phil 3,18), sondern sagen wir wie der heilige Paulus: <\/span><\/span><\/span><\/span><span style=\"color: #000000;\"><span style=\"font-family: Cambria, serif;\"><span style=\"font-size: medium;\"><span lang=\"de-DE\"><i>&#8220;Ich bin mit Christus gekreuzigt worden und lebe, doch nicht ich, sondern Christus lebt in mir&#8221;<\/i><\/span><\/span><\/span><\/span><span style=\"color: #000000;\"><span style=\"font-family: Cambria, serif;\"><span style=\"font-size: medium;\"><span lang=\"de-DE\"> (Gal 2,20a). M\u00f6gen unser Leben und unsere Werke das Leben Jesu, des Opfers, widerspiegeln, der <\/span><\/span><\/span><\/span><span style=\"color: #000000;\"><span style=\"font-family: Cambria, serif;\"><span style=\"font-size: medium;\"><span lang=\"de-DE\"><i>&#8220;mich geliebt und sich f\u00fcr mich hingegeben hat&#8221;<\/i><\/span><\/span><\/span><\/span><span style=\"color: #000000;\"><span style=\"font-family: Cambria, serif;\"><span style=\"font-size: medium;\"><span lang=\"de-DE\"> (Gal. 2,20b). <\/span><\/span><\/span><\/span><\/p>\n<p><span style=\"color: #000000;\"><span style=\"font-family: Cambria, serif;\"><span style=\"font-size: medium;\"><span lang=\"de-DE\"><i>Jesus, Victima der S\u00fcnder, mache unsere Herzen wie deine.<\/i><\/span><\/span><\/span><\/span><\/p>\n","protected":false},"excerpt":{"rendered":"<p>&#8220;Wer nicht sein Kreuz tr\u00e4gt und mir nachfolgt, kann nicht mein J\u00fcnger sein&#8221; (Lk. 14,27). Jesus, das Opfer, lebte und starb, um uns zu retten. Er wurde gehorsam bis zum Tod und zum Tod am Kreuz, um uns von der Sklaverei der S\u00fcnde zu befreien. Das Kreuz wurde so zum Symbol des christlichen Erl\u00f6sungsgeheimnisses, denn [&hellip;]<\/p>\n","protected":false},"author":1,"featured_media":0,"parent":0,"menu_order":0,"comment_status":"closed","ping_status":"closed","template":"templates\/page-boxblu.php","meta":{"footnotes":""},"class_list":["post-4943","page","type-page","status-publish","hentry"],"jetpack_sharing_enabled":true,"_links":{"self":[{"href":"https:\/\/mjvv.org\/de\/wp-json\/wp\/v2\/pages\/4943","targetHints":{"allow":["GET"]}}],"collection":[{"href":"https:\/\/mjvv.org\/de\/wp-json\/wp\/v2\/pages"}],"about":[{"href":"https:\/\/mjvv.org\/de\/wp-json\/wp\/v2\/types\/page"}],"author":[{"embeddable":true,"href":"https:\/\/mjvv.org\/de\/wp-json\/wp\/v2\/users\/1"}],"replies":[{"embeddable":true,"href":"https:\/\/mjvv.org\/de\/wp-json\/wp\/v2\/comments?post=4943"}],"version-history":[{"count":1,"href":"https:\/\/mjvv.org\/de\/wp-json\/wp\/v2\/pages\/4943\/revisions"}],"predecessor-version":[{"id":4944,"href":"https:\/\/mjvv.org\/de\/wp-json\/wp\/v2\/pages\/4943\/revisions\/4944"}],"wp:attachment":[{"href":"https:\/\/mjvv.org\/de\/wp-json\/wp\/v2\/media?parent=4943"}],"curies":[{"name":"wp","href":"https:\/\/api.w.org\/{rel}","templated":true}]}}

<p><span style="color: #000000;"><span style="font-family: Cambria, serif;"><span style="font-size: medium;"><span lang="de-DE"><i>&#8220;Wer nicht sein Kreuz trägt und mir nachfolgt, kann nicht mein Jünger sein&#8221;</i></span></span></span></span><span style="color: #000000;"><span style="font-family: Cambria, serif;"><span style="font-size: medium;"><span lang="de-DE"> (Lk. 14,27).</span></span></span></span></p>
<p><span style="color: #000000;"><span style="font-family: Cambria, serif;"><span style="font-size: medium;"><span lang="de-DE">Jesus, das Opfer, lebte und starb, um uns zu retten. Er wurde gehorsam bis zum Tod und zum Tod am Kreuz, um uns von der Sklaverei der Sünde zu befreien. Das Kreuz wurde so zum Symbol des christlichen Erlösungsgeheimnisses, denn unser Erlöser entschied sich aus freien Stücken für den Tod am Kreuz. Auf diese Weise ist das Kreuz ein wesentlicher Bestandteil des Lebens eines jeden Christen. Wenn wir Nachfolger Christi sind, müssen wir auch bereit sein, </span></span></span></span><span style="color: #000000;"><span style="font-family: Cambria, serif;"><span style="font-size: medium;"><span lang="de-DE"><i>&#8220;täglich das Kreuz zu tragen&#8221;</i></span></span></span></span><span style="color: #000000;"><span style="font-family: Cambria, serif;"><span style="font-size: medium;"><span lang="de-DE"> (vgl. Lk. 9,23). Aber dieses Kreuz ist für jeden von uns maßgeschneidert, denn </span></span></span></span><span style="color: #000000;"><span style="font-family: Cambria, serif;"><span style="font-size: medium;"><span lang="de-DE"><i>&#8220;Gott prüft niemanden über seine Kräfte hinaus&#8221;</i></span></span></span></span><span style="color: #000000;"><span style="font-family: Cambria, serif;"><span style="font-size: medium;"><span lang="de-DE"> (1. Kor. 10,13). </span></span></span></span></p>
<p><span style="color: #000000;"><span style="font-family: Cambria, serif;"><span style="font-size: medium;"><span lang="de-DE">&#8220;Der wahre Christ ist ein anderer Christus. Er kann und muss sagen</span></span></span></span><span style="color: #000000;"><span style="font-family: Cambria, serif;"><span style="font-size: medium;"><span lang="de-DE"><i>: &#8220;Ich lebe, doch nicht ich, sondern Christus lebt in mir&#8221;</i></span></span></span></span><span style="color: #000000;"><span style="font-family: Cambria, serif;"><span style="font-size: medium;"><span lang="de-DE"> (Gal. 2,20). Sein Denken ist das Denken Christi, bestimmt durch die Lehre des höchsten und göttlichen Königs; sein Reden und Tun ist das Reden und Tun Christi, inspiriert durch den Geist Christi. Der wahre Christ wirkt in allen Dingen nach dem Sinn Christi und kraft des Lebens Christi, jenes göttlichen Lebens, das er als </span></span></span></span><span style="color: #000000;"><span style="font-family: Cambria, serif;"><span style="font-size: medium;"><span lang="de-DE"><i>heiligende Gnade</i></span></span></span></span><span style="color: #000000;"><span style="font-family: Cambria, serif;"><span style="font-size: medium;"><span lang="de-DE"> in seiner Seele trägt&#8221;.</span></span></span></span></p>
<p><span style="color: #000000;"><span style="font-family: Cambria, serif;"><span style="font-size: medium;"><span lang="de-DE">Leben wir nicht als </span></span></span></span><span style="color: #000000;"><span style="font-family: Cambria, serif;"><span style="font-size: medium;"><span lang="de-DE"><i>&#8220;Feinde des Kreuzes Christi&#8221;</i></span></span></span></span><span style="color: #000000;"><span style="font-family: Cambria, serif;"><span style="font-size: medium;"><span lang="de-DE"> (Phil 3,18), sondern sagen wir wie der heilige Paulus: </span></span></span></span><span style="color: #000000;"><span style="font-family: Cambria, serif;"><span style="font-size: medium;"><span lang="de-DE"><i>&#8220;Ich bin mit Christus gekreuzigt worden und lebe, doch nicht ich, sondern Christus lebt in mir&#8221;</i></span></span></span></span><span style="color: #000000;"><span style="font-family: Cambria, serif;"><span style="font-size: medium;"><span lang="de-DE"> (Gal 2,20a). Mögen unser Leben und unsere Werke das Leben Jesu, des Opfers, widerspiegeln, der </span></span></span></span><span style="color: #000000;"><span style="font-family: Cambria, serif;"><span style="font-size: medium;"><span lang="de-DE"><i>&#8220;mich geliebt und sich für mich hingegeben hat&#8221;</i></span></span></span></span><span style="color: #000000;"><span style="font-family: Cambria, serif;"><span style="font-size: medium;"><span lang="de-DE"> (Gal. 2,20b). </span></span></span></span></p>
<p><span style="color: #000000;"><span style="font-family: Cambria, serif;"><span style="font-size: medium;"><span lang="de-DE"><i>Jesus, Victima der Sünder, mache unsere Herzen wie deine.</i></span></span></span></span></p>

<p>&#8220;Wer nicht sein Kreuz trägt und mir nachfolgt, kann nicht mein Jünger sein&#8221; (Lk. 14,27). Jesus, das Opfer, lebte und starb, um uns zu retten. Er wurde gehorsam bis zum Tod und zum Tod am Kreuz, um uns von der Sklaverei der Sünde zu befreien. Das Kreuz wurde so zum Symbol des christlichen Erlösungsgeheimnisses, denn [&hellip;]</p>
